s b(-2)?
33
Let x(i) = i**3 + 3*i**2 - 3*i. Give x(-3).
9
Let a(n) = -n**3 + 4*n**2 + 5*n + 9. Determine a(5).
9
Let g(r) = 2*r**3 - 4*r**2 + 3*r - 1. What is g(2)?
5
Let a(l) = -5*l**2 + 3*l - 6. What is a(-3)?
-60
Let o(z) = -5*z - 18. Determine o(-5).
7
Let k(m) = -5*m + 36. Calculate k(13).
-29
Let p(c) = -29*c + 238. What is p(8)?
6
Let k(t) = t**2 + 8*t + 11. Calculate k(-8).
11
Let z(b) = b**3 + 12*b**2 + 17*b + 5. Give z(-10).
35
Let w(o) = -o**2 + 24*o - 33. Calculate w(12).
111
Let r(d) = -2*d**2 + 66*d - 1. Give r(33).
-1
Let i(q) = -q**2 + 5. Give i(-2).
1
Let y(m) = -m**2 + 14*m - 4. Determine y(13).
9
Let b(o) = o**3 - 21*o**2 + 19*o + 12. Calculate b(20).
-8
Let g(l) = -l**2 - 11*l - 20. What is g(-9)?
-2
Let j(f) = f**2 - 18*f + 13. What is j(17)?
-4
Let d(x) = x**3 - x - 17. Determine d(0).
-17
Let n(v) = -v**3 + 11*v**2 + 22*v + 23. Calculate n(13).
-29
Let m(h) = 3*h - 30. Determine m(-14).
-72
Let t(y) = -84*y + 86. Calculate t(1).
2
Let u(c) = -c**2 - 2*c - 3. Give u(-4).
-11
Let s(x) = 5*x - 227. Give s(51).
28
Let t(o) = -2*o + 17. What is t(7)?
3
Let h(g) = -g**3 + 5*g**2 + 8*g - 6. Determine h(6).
6
Let d(y) = -2*y - 5. Calculate d(-12).
19
Let q(y) = 9*y - 16. Calculate q(-6).
-70
Let w(h) = 2*h**2 - 9*h - 15. Calculate w(-2).
11
Let k(x) = -6*x**2 - 2*x - 1. Give k(-1).
-5
Let o(g) = 2*g**3 - g**2 - 5*g - 5. Determine o(-3).
-53
Let j(b) = -b**2 + 12*b + 6. What is j(11)?
17
Let j(x) = -2*x**2 + 41*x + 17. Give j(21).
-4
Let q(h) = 8*h + 82. Give q(-14).
-30
Let y(x) = x**3 - 21*x**2 + 53*x + 16. What is y(18)?
-2
Let t(r) = -r**3 - 5*r**2 + 10*r + 8. Give t(-7).
36
Let r(q) = -2*q**2 - 4*q + 5. Determine r(-6).
-43
Let r(m) = 2*m**3 - 11*m**2 + 4*m + 4. Calculate r(5).
-1
Let u(a) = -9*a**2 - 3*a - 3. Determine u(-1).
-9
Let f(l) = l - 6. What is f(5)?
-1
Let i(k) = k**3 - 29*k**2 - 59*k - 44. Calculate i(31).
49
Let z(n) = -n**2 - 7*n + 21. Give z(-8).
13
Let h(z) = -3*z + 5. Determine h(-7).
26
Let f(b) = -6*b**2 + b - 1. Calculate f(2).
-23
Let j(a) = 8*a + 6. Calculate j(-1).
-2
Let t(j) = 15*j - 51. Give t(3).
-6
Let q(h) = -103*h**2 + 3*h + 2. What is q(-1)?
-104
Let a(i) = -i - 5. Give a(-16).
11
Let j(m) = -m**2 - 11*m - 16. Calculate j(-10).
-6
Let a(f) = 2*f**2 - 45*f + 229. Calculate a(15).
4
Let v(l) = -4*l + 59. Calculate v(7).
31
Let m(n) = 19*n + 1. Determine m(1).
20
Let h(a) = 4*a - 82. Calculate h(20).
-2
Let h(d) = 3*d - 2. Determine h(6).
16
Let x(l) = 3*l + 7. Give x(5).
22
Let h(c) = 2*c**3 - 41*c**2 + 55*c + 21. Calculate h(19).
-17
Let r(i) = i**2 - 42*i + 8. Give r(42).
8
Let k(c) = c**2 + 12*c + 2. What is k(-5)?
-33
Let r(c) = -6*c**2 - 38*c - 7. Calculate r(-6).
5
Let m(z) = 2*z**2 - 15*z - 26. What is m(-2)?
12
Let y(p) = p**2 - 4*p + 7. Determine y(5).
12
Let a(r) = 4*r**2 - 80*r - 64. Give a(21).
20
Let z(d) = -d**2 + 9. Determine z(-2).
5
Let w(b) = 6*b - 1. Give w(-5).
-31
Let g(s) = -s**3 - 14*s**2 - s - 7. Give g(-14).
7
Let u(l) = 11*l + 170. Give u(-15).
5
Let c(h) = h**2 - 6*h - 390. What is c(23)?
1
Let q(h) = -2*h**2 - 14*h + 73. Calculate q(4).
-15
Let d(o) = -o**3 - 19*o**2 - 18*o + 22. Give d(-18).
22
Let t(h) = h**3 - 5*h**2 - 3*h + 11. Determine t(5).
-4
Let h(f) = -f**3 - 13*f**2 + 20*f + 69. What is h(-14)?
-15
Let b(t) = t**2 + 8*t - 469. Determine b(18).
-1
Let r(c) = c**2 - c - 56. Determine r(6).
-26
Let s(r) = -r**3 + 4*r**2 + 7*r - 28. Determine s(6).
-58
Let x(b) = -b**3 - 30*b**2 + 29*b - 57. Calculate x(-31).
5
Let s(v) = 16*v - 1. Calculate s(1).
15
Let k(n) = 2*n**3 - 27*n**2 + 12*n + 24. What is k(13)?
11
Let y(a) = a**2 - 8*a - 14. Calculate y(9).
-5
Let b(o) = -o + 4. Calculate b(-6).
10
Let m(l) = l**3 + 10*l**2 + 8*l - 11. Determine m(-9).
-2
Let s(c) = -16*c**3 + 97*c**2 - 5*c - 8. What is s(6)?
-2
Let f(w) = w**2 - w - 4. Determine f(-3).
8
Let r(l) = -7*l - 157. Give r(-20).
-17
Let x(u) = -2*u**3 - 4*u**2 + 2*u + 6. What is x(-4)?
62
Let v(i) = -i - 13. Give v(6).
-19
Let m(c) = c**3 - 5*c**2 - 6*c + 2. Determine m(6).
2
Let z(r) = r**3 - 14*r**2 + 16*r - 29. What is z(13)?
10
Let j(h) = -h**3 + 6*h**2. Determine j(3).
27
Let k(s) = s**3 - 7*s**2 + 5*s - 4. Determine k(5).
-29
Let u(b) = -8*b**2 - 2*b + 1. Give u(1).
-9
Let n(t) = 4*t**2 + 25*t + 5. Calculate n(-6).
-1
Let l(b) = -3*b + 57. Determine l(20).
-3
Let i(g) = 7*g - 4. Determine i(-3).
-25
Let s(d) = 3*d**2 + 32*d - 22. Give s(-11).
-11
Let u(h) = -5*h - 20. What is u(-12)?
40
Let o(v) = 2*v**3 - 15*v**2 - 10*v + 6. Determine o(8).
-10
Let v(l) = l**2 - 14*l + 24. Give v(10).
-16
Let a(b) = b**3 + 8*b**2 + 6*b - 2. Calculate a(-7).
5
Let h(t) = -7*t + 12. Determine h(-3).
33
Let a(b) = b**3 + 4*b**2 - 10*b + 15. Give a(-6).
3
Let u(y) = 28*y + 114. What is u(-4)?
2
Let u(c) = -2*c**3 - c**2 + c. Determine u(2).
-18
Let h(x) = -x**3 + x**2 + 2*x + 2. Calculate h(-3).
32
Let z(s) = s**3 + 6*s**2 - 5*s + 1. Determine z(-5).
51
Let z(h) = h**2 - 55. Determine z(-7).
-6
Let h(g) = -g**3 + 2*g**2 + g. Give h(4).
-28
Let g(t) = -24*t**3 + t**2 - t - 1. Determine g(-1).
25
Let v(q) = -47*q - 336. Determine v(-7).
-7
Let q(t) = -t**3 + 10*t**2 + 25*t + 27. What is q(12)?
39
Let o(t) = -303*t + 2725. Calculate o(9).
-2
Let w(a) = -3*a**3 + 4*a**2 - 3*a + 2. Calculate w(2).
-12
Let f(m) = -2*m - 46. What is f(-26)?
6
Let s(g) = g**3 - 10*g**2 + 6*g - 18. Determine s(10).
42
Let k(x) = -x**3 - 9*x**2 - 9*x - 2. Determine k(-8).
6
Let j(o) = -2*o**2 - 2*o + 17. Determine j(-6).
-43
Let n(p) = p + 32. Give n(-18).
14
Let c(v) = 4*v - 57. Calculate c(14).
-1
Let h(n) = -n - 2. Determine h(28).
-30
Let h(g) = g + 10. Calculate h(-6).
4
Let j(q) = -q**3 + 9*q**2 - 11*q - 5. Determine j(7).
16
Let q(v) = 2*v - 17. Determine q(4).
-9
Let w(j) = -j**2 - 11*j + 68. Calculate w(-13).
42
Let x(d) = d**2 + 6*d + 38. Determine x(-7).
45
Let w(u) = 43*u + 2. Calculate w(-1).
-41
Let b(i) = i**2 - 5*i. Determine b(-5).
50
Let j(c) = c**2 + 28*c - 31. Calculate j(-29).
-2
Let i(q) = 2*q + 8. Determine i(-5).
-2
Let l(w) = -12*w + 3. What is l(-3)?
39
Let p(y) = 5*y - 47. Calculate p(8).
-7
Let v(p) = -2*p**3 - 2*p**2 + p - 5. Calculate v(-3).
28
Let u(l) = 6*l**2. What is u(-1)?
6
Let g(f) = -f**2 - f - 4. What is g(-4)?
-16
Let x(r) = -r**2 + 15*r - 12. What is x(14)?
2
Let l(c) = -18*c - 369. Determine l(-20).
-9
Let f(d) = 3*d**2 - 8*d - 44. Give f(5).
-9
Let s(j) = -j**2 - 25*j - 57. Determine s(-29).
-173
Let u(v) = 3*v - 61. What is u(21)?
2
Let v(y) = 15*y - 169. Determine v(12).
11
Let q(v) = v**3 + 7*v**2 - 6*v - 39. Determine q(-6).
33
Let a(w) = 62*w**3 - w - 1. What is a(-1)?
-62
Let y(d) = 5*d**2 - 38*d + 6. Calculate y(7).
-15
Let m(v) = v**2 - 1. Calculate m(3).
8
Let u(t) = t**2 + 21*t - 53. What is u(-23)?
-7
Let f(n) = -3*n - 114. Calculate f(-35).
-9
Let z(t) = -t**2 + t + 28. Determine z(6).
-2
Let f(j) = 34*j - 38. What is f(1)?
-4
Let d(f) = -f**2 - 12*f - 4. Calculate d(-8).
28
Let g(h) = -h**3 + 12*h**2 - 36*h + 2. Determine g(6).
2
Let o(x) = -x**3 - 5*x**2 + 6*x + 9. What is o(-6)?
9
Let x(f) = f**3 - 44*f**2 + 83*f + 74. Give x(42).
32
Let j(d) = -d**3 + 4*d**2 - 6*d + 15. Calculate j(3).
6
Let h(s) = -28*s**2 - s - 1. Give h(1).
-30
Let j(r) = r**2 - 31*r + 181. Give j(23).
-3
Let x(y) = y**3 + 2*y + 1. Determine x(-2).
-11
Let d(m) = m**2 + 7*m + 13. Calculate d(-5).
3
Let s(o) = -o**2 - 18*o + 2. What is s(-18)?
2
Let g(n) = 37*n**3 - 3*n**2 - 4*n - 2. What is g(-1)?
-38
Let k(t) = -7*t**2 - 10*t. Determine k(-5).
-125
Let b(m) = -4*m**3 - 2*m**2 + 5*m - 2. Give b(1).
-3
Let l(a) = 2*a**3 - 13*a**2 + 6*a + 8. Calculate l(6).
8
Let f(c) = 4*c**3 + 3*c**2 - 2*c + 3. What is f(2)?
43
Let m(z) = z**2 + 18*z + 7. What is m(-17)?
-10
Let k(f) = 30*f - 1. Give k(-1).
-31
Let h(i) = i**2 - i - 6. Give h(5).
14
Let a(j) = -21*j**3 + j**2. Give a(1).
-20
Let b(v) = -v**2 - 6*v + 7. Determine b(4).
-33
Let r(v) = 24*v**3 - v**2 + 2*v + 3. Calculate r(-1).
-24
Let s(t) = -53*t - 487. Give s(-9).
-10
Let q(o) = -o**2 + 13*o + 8. Give q(14).
-6
Let b(v) = -v**2 - 19*v - 20. Give b(-17).
14
Let i(n) = 15*n**3 - n**2 + 3*n - 1. What is i(1)?
16
Let a(n) = n - 20. Give a(8).
-12
Let s(v) = -2*v**3 - 16*v**2 - 40*v + 1. What is s(-4)?
33
Let b(k) = k**2 + 15*k + 23. Determine b(-13).
-3
Let c(s) = -5